he prime factors of r(i)?
3
Suppose 2*j - 954 = -86. What are the prime factors of j?
2, 7, 31
Let c = -693 - -1072. What are the prime factors of c?
379
Suppose 2*p - 16 = 2*c, 2*p + 2*p + c = 17. Suppose -f + p = -8. List the prime factors of f.
13
Let c = 6 + -4. What are the prime factors of ((-3)/c)/(11/(-22))?
3
Suppose -2*d + 5*f + 32 = 0, -4*f - 6 + 2 = 2*d. Suppose -9 - d = -5*v. What are the prime factors of v?
3
Let b(l) be the second derivative of -l**4/12 - 11*l**3/6 - 9*l**2/2 + 9*l. Suppose -5*g + 4*n = 45, -4*g = -5*n + 2*n + 36. List the prime factors of b(g).
3
Suppose -3*f = 4*f - 70. What are the prime factors of f?
2, 5
Suppose -13*d + 387 = -10*d. What are the prime factors of d?
3, 43
Let l = -7 - -42. Let z = -12 + l. What are the prime factors of z?
23
Let o = 195 + -44. List the prime factors of o.
151
Let w(z) = 4*z**3 - z. Let d be w(2). Let i = d - 9. List the prime factors of i.
3, 7
Suppose 3*j - 2*j = 3. Suppose -j*l = -4*l + 3. List the prime factors of l.
3
Let w be 2/4 + (-5005)/(-26). Suppose -w + 25 = -4*v. What are the prime factors of v?
2, 3, 7
Let s(r) = r**2 + 7*r - 9. Let l be s(-7). Let q = 19 - 15. Let a = q - l. List the prime factors of a.
13
Let j = 11 + -10. List the prime factors of j/(-3*2/(-18)).
3
Let c = 17 + -11. Let z = c + -14. What are the prime factors of z/(-9)*6*3?
2
Let r = -5 + 12. Suppose -12*d + r*d = -125. List the prime factors of d.
5
Let z(i) = 4*i + 6 + 2*i - 5*i + 1. Let s be z(-5). Suppose -2*h = 2*k - 14, -s*h - k + 4*k = -29. List the prime factors of h.
2, 5
Suppose 17*y - 19*y + 222 = 0. What are the prime factors of y?
3, 37
List the prime factors of -3*(-10)/(-6) + 226.
13, 17
Let z be (1 - 0)*3*6. Suppose -s + z = s. List the prime factors of s.
3
Let r be -2 + 3 + 0 + 1. Let m = 5 - r. What are the prime factors of m?
3
What are the prime factors of ((-12)/15)/(-4) + 6204/55?
113
Suppose r + b = 3*r - 100, -5*r - 4*b = -276. List the prime factors of r.
2, 13
Let u(y) = y**3 + 4*y**2 - 5*y - 7. Let s be u(-5). Let d(q) = q**2 - q - 4. List the prime factors of d(s).
2, 13
Suppose z - 3 = 6. Let v(f) = -f**3 + 8*f**2 + 8*f + 12. List the prime factors of v(z).
3
Let h(u) be the first derivative of u**3/3 + 9*u**2/2 + 13*u + 4. List the prime factors of h(-10).
23
Let s = 22 - 1. List the prime factors of s.
3, 7
Suppose 0 = -2*d + t + 3*t + 96, -4*t + 120 = 2*d. What are the prime factors of d?
2, 3
Suppose 5*o + 4 = -6. What are the prime factors of 80/3*(-3)/o?
2, 5
List the prime factors of 1138/8 - (-4)/(-16).
2, 71
What are the prime factors of (2/4 + 0)*192?
2, 3
Suppose 0 = -0*s - 2*s + 44. Let f = s - 16. Suppose 24 = 5*r - f. List the prime factors of r.
2, 3
Suppose -5*x = -b - b - 18, -2 = 5*x + 3*b. Suppose j - 19 - x = 0. List the prime factors of j.
3, 7
Let q = 5 + -3. Suppose -3*j = q*j - 5*k - 65, 36 = 3*j - 2*k. What are the prime factors of j?
2, 5
Suppose -4 = -5*t + 6. Let h(j) = 2*j**3 + j + t - 4 - 2*j**2 - 3 + 3. List the prime factors of h(2).
2
Suppose 381 = 3*d - 3*p, 2*d + 4*p + 21 - 305 = 0. List the prime factors of d.
2, 3, 11
Let w be 1/(3/15 + 0). Suppose w*l = 9*l - 96. What are the prime factors of l?
2, 3
Let s(v) = -v**2 - 9*v - 10. Let k be s(-7). Suppose 75 = -q + k*q. What are the prime factors of q?
5
Let r(z) = z**2 + 8*z + 3. List the prime factors of r(-13).
2, 17
Let m = 6 - 2. Suppose -64 + m = -3*x. What are the prime factors of x?
2, 5
Suppose 5*d - 2*d - 236 = 5*v, 2*v + 8 = 0. List the prime factors of d.
2, 3
Let i(z) = -z - z**2 + 2*z**2 - 3 + 1. Let f be i(-3). What are the prime factors of 1 + (f - (0 - 1))?
2, 3
Let o(z) = -24*z + 1. Let d be o(-1). Let n = -41 + d. Let v = n - -27. What are the prime factors of v?
11
Let t be -2*2/4 + 1. Let l be 4 - 2 - (t + 1). List the prime factors of (13 + -1)*(l + 0).
2, 3
Let z(f) = f + 4. Let y be 6/9 - (-2)/(-3). List the prime factors of z(y).
2
Let n = 13 + -11. Suppose -b - n*h + 31 = 0, 5*b + 0*h - 5*h = 140. What are the prime factors of b?
29
Suppose 0*h = -2*h. Let k = 2 + h. Suppose -w = -k*w + 11. List the prime factors of w.
11
Let f be (7 - 8)/(1/2). List the prime factors of 8 + (2 + f)/(-1).
2
Let v = 71 - 123. What are the prime factors of (-2)/5 + v/(-5)?
2, 5
Let r(j) = j - 7. Let x be r(9). Let a(p) = 0*p**3 - p**2 + 2*p**2 - p**3 + 4*p**x - 3*p - 4. What are the prime factors of a(3)?
5
Suppose -6*c + 2*c + 16 = 0. Suppose -3*o - 81 = k - 5*k, -c*k + 5*o = -79. List the prime factors of k.
3, 7
Let v = -16 - -28. Suppose -4*f = 7*r - 3*r + 40, 25 = -5*f. Let u = r + v. List the prime factors of u.
7
Suppose -5*w = 2*b - 81, 0*b - 91 = -2*b - 3*w. Suppose 4*s - 123 = b. Suppose 0 = -8*r + 4*r + s. What are the prime factors of r?
11
Let z(y) = 2*y**2 - 1. Let u be z(-1). Suppose -5 = -k + b, -4*k + 2*b + 13 = u. Let i = 1 + k. What are the prime factors of i?
2
Let t(p) = -95*p - 2. Let s be t(-1). Suppose -2*c + s = c. What are the prime factors of c?
31
List the prime factors of ((-7)/21)/((-1)/237).
79
Let h = -191 - -376. What are the prime factors of h?
5, 37
Let y be (1/(-3))/((-2)/18). Let o be (0/((-3)/y))/(-1). What are the prime factors of -6*(o - (-3)/(-2))?
3
Let b = -9 + 5. Let x = 5 - b. Suppose 3*o - 7 = -5*h, 4*h - x = -3*o + h. List the prime factors of o.
2
Suppose -96 = -h - 2*c, 5*h - 199 - 254 = -c. List the prime factors of h.
2, 3, 5
Let n be (-66)/2*(-10)/5. Let r = n + -39. What are the prime factors of r?
3
Let p be 40/(-6)*27/(-6). List the prime factors of (-2)/(-3) - (-460)/p.
2
Let d(u) = 2*u + 120. List the prime factors of d(0).
2, 3, 5
Suppose 2*y = -5*d + 307, -4*d - 6*y + 240 = -3*y. Let w = -35 + d. What are the prime factors of w?
2, 7
Let l = 43 + -71. Let h = 42 + 4. Let b = l + h. List the prime factors of b.
2, 3
Let j = -26 + 132. What are the prime factors of j?
2, 53
Suppose w = 4*m - 10, 3*w + 3*m = 24 - 9. Suppose -w*i + 22 = 2*n + 4, 4*n = i - 29. List the prime factors of i.
13
Let p be (10/25)/(2/130). Suppose u = 6*u - a - p, 0 = -5*u - 5*a + 20. List the prime factors of u.
5
Let f(j) be the third derivative of j**6/120 + 3*j**5/20 + j**4/4 - j**3/3 + 2*j**2. Let p be (-1 + -1 - -6)*-2. List the prime factors of f(p).
2, 7
Suppose 0 = -f - f. Suppose f = 2*t - 4*i - 24, 5*t - 7*i - 67 = -4*i. What are the prime factors of t?
2, 7
Let g = -1 + 1. Let i(y) = y + 24. Let n be i(g). What are the prime factors of (-3)/(-6)*1*n?
2, 3
Let c be ((-12)/(-8))/(6/16). Suppose d - 5*g = -26, -3*d + 5*g = -c*d + 14. List the prime factors of 6/(-9) + (-34)/d.
5
Let q = 35 - 58. Let w = 13 - q. List the prime factors of w.
2, 3
Suppose 4*j = 6*j - 4. Suppose 5*s = s + j*b + 232, -s + 2*b + 52 = 0. Suppose 4*v - 3*f = s, -v + 0*f - f = -8. List the prime factors of v.
2, 3
Suppose -3*i - 55 = -5*z, -3*z - i = 2*z - 55. List the prime factors of z.
11
Let j(x) = x**2 - 6. Let u be j(3). Suppose -79 = -u*r - 2*o, 2*o + 130 = 5*r + 5*o. What are the prime factors of r?
23
Let v = -98 - -204. List the prime factors of v.
2, 53
Let j = 323 - 212. List the prime factors of j.
3, 37
Let n be 1 + (4/(-4))/(-1). Suppose q + n*r - 19 - 31 = 0, -3*q - 3*r = -144. What are the prime factors of q?
2, 23
Let o(l) be the first derivative of 2*l**2 - 7*l + 9. List the prime factors of o(8).
5
Let d = -56 - -85. List the prime factors of d.
29
Let r = -4 - -38. List the prime factors of r.
2, 17
Let i = 4 + -24. Let x = i + 43. List the prime factors of x.
23
Let a be (-42)/(-18) + (-1)/3. Let t(z) = -z**a - 1 + 3*z**2 + 6*z + 5. What are the prime factors of t(-4)?
2, 3
Let s = -81 - -140. Let j = -35 + s. Suppose 2*w + 20 = g + 8, w + j = 2*g. List the prime factors of g.
2, 3
Let p = 219 + -141. List the prime factors of p.
2, 3, 13
What are the prime factors of -6*-13*(-2)/(-3)?
2, 13
Let i = -10 - -12. Suppose 3*r = i*j + 43, -6*r + 3*r = -5*j - 58. List the prime factors of r.
11
Suppose -21 = -3*a - 3*p + 81, -4*p - 56 = -2*a. Suppose -x = 2*x + 3*z - 36, 5*x - 2*z = a. What are the prime factors of x?
2
Let n be (0/(1 + 1))/(-2). List the prime factors of n - (-7)/(14/20).
2, 5
Let x(b) = -243*b - 10. List the prime factors of x(-1).
233
Let b(z) = 4*z + 3. What are the prime factors of b(10)?
43
Suppose 0*q + 5*q = 2*x 